ate the greatest common divisor of t and 9.
9
Let u(g) = -g - 10. Let i(x) = x - 8. Let a be i(0). Let n be u(a). Let y be (-39)/(-15) - n/5. What is the highest common factor of 2 and y?
1
Let f = 182 + -166. Let v be 4/6*(-96)/(-2). What is the greatest common divisor of v and f?
16
Suppose 6*x - 81 = 3*x. What is the greatest common divisor of x and 189?
27
Let r = 517 - 288. Suppose -3*s - 121 - r = 5*a, -3*s = -a + 344. Let k = s + 220. What is the greatest common factor of 15 and k?
15
Suppose -5*z = -0*b - b - 7, 4*b + 4*z = 44. Calculate the greatest common factor of b and 24.
8
Suppose 2*x - 26 = -4*m + m, 5*m = 3*x + 75. Let g(u) = u**3 + u**2 + 2*u - 4. Let i be g(4). Calculate the greatest common factor of i and m.
12
Suppose -5*b + 2*w = -2 - 0, -4*w = -4*b + 4. Let c be (b - -1) + 5 + -1. Calculate the highest common factor of c and 55.
5
Let t = 55 - 16. Calculate the highest common factor of t and 13.
13
Suppose 74 = 2*z + x - 22, 0 = -3*x + 12. What is the greatest common factor of 46 and z?
46
Let b be (1 + -2)/((-1)/26). Let m be 18/108 - 3430/(-12). Calculate the highest common divisor of m and b.
26
Suppose 0 = 3*z + j - 14, -10 = -z + j - 4*j. Suppose -18 - 10 = -z*b. Calculate the highest common factor of b and 56.
7
Let z = 36 - -24. What is the greatest common factor of z and 12?
12
Let i(n) = -5 + 4*n**2 + 1 + 5 - 2*n**2. Let q be i(1). Let z be (-1)/(-2)*4*1. What is the highest common divisor of z and q?
1
Let a be 428/18 + (-12)/(-54). Suppose -3*u = -c - a, -13 = 2*u - 6*u - 5*c. What is the greatest common divisor of u and 63?
7
Let r be (6*20/(-45))/((-1)/3). Calculate the greatest common factor of r and 72.
8
Suppose 0 = -4*m - 2*r + 254, -3*m = -0*r + 2*r - 191. Suppose 0 = -3*g + 183 - m. What is the highest common divisor of 10 and g?
10
Suppose 3*m = -5*s + 96, 2*s - 39 = -m - 0*m. Suppose -3*g - 6 = 0, 5*u + 43 = g + 115. What is the highest common divisor of s and u?
7
Suppose -7*o + 15 = 1. Calculate the highest common factor of o and 3.
1
Let s = -10 - -26. Calculate the greatest common divisor of s and 48.
16
Let n be 28*((-1)/2)/(-1). Suppose 5*c - 4*c - 5*s = 48, 0 = 4*s + 16. Calculate the highest common divisor of c and n.
14
Suppose s - 72 = -2*s. What is the highest common factor of 120 and s?
24
Let n be (-1)/(-1 - (-6)/5). Let l(k) = 3*k**2 + 6*k - 5. Let r be l(n). Let b = -54 - -62. What is the greatest common factor of r and b?
8
Let r be 4/5*(-135)/(-2). Suppose -4 = -5*k - r. Let a = 21 + k. What is the greatest common factor of 99 and a?
11
Let k = -6 - -6. Suppose -o - 2*f = -k*f - 7, -o + 4*f = -7. What is the greatest common factor of o and 77?
7
Let d = -1 + 8. What is the greatest common divisor of 77 and d?
7
Let z be 118/8 - 30/40. Let u = -4 - -6. Let r(t) = 8*t**2 + 3*t - 3. Let d be r(u). What is the greatest common factor of d and z?
7
Suppose 0*s - 99 = -2*s - 3*r, 5*s - 222 = r. Let g = 11 + -5. Suppose -3*t + 9 = -g. Calculate the greatest common factor of t and s.
5
Suppose 6*d - d = 20. Let u be ((-22)/(-6))/(d/24). What is the highest common factor of u and 44?
22
Let o be (28/5)/((-14)/(-35)). What is the greatest common factor of o and 98?
14
Suppose -4*u - 7 = -2*r + 5, -5*r - 5*u + 45 = 0. Let b be 18/30 + (-184)/(-10). Let f = b - 15. What is the greatest common divisor of r and f?
4
Suppose 2*n + 3*p - 29 = -2*n, 0 = 5*n - p - 60. Calculate the highest common divisor of 99 and n.
11
Let n = 410 + -257. Calculate the highest common divisor of n and 17.
17
Let r be 7 + 3 - (-1 + 1). Let c = 0 + 0. Suppose c = 3*a - 132 - 108. What is the highest common divisor of a and r?
10
Suppose 3*k - 6*k = -1980. What is the highest common divisor of k and 60?
60
Let z(t) = -t**2 + t. Let y be z(1). Let c = y - -1. Suppose 0 = -2*g + 5 + c. What is the highest common divisor of g and 33?
3
Let q be (-18)/(-12)*(-20)/(-6). Suppose y = -q*j + 66, 5*j + 32 = y - 4. What is the greatest common factor of y and 34?
17
Suppose 0 = -5*o + 7 + 8. Suppose -o*f + 585 + 165 = 0. Suppose 8*h - f = 3*h. Calculate the greatest common divisor of h and 20.
10
Let g = 9 + -12. Let b(d) = -d**2 - 5*d - 2. Let l be b(g). Suppose 4*o - 24 = 2*o + l*n, 2*o - 5*n = 20. Calculate the highest common factor of o and 50.
10
Let d(z) = z + 12. Let t be d(-5). Suppose -3*x = -t*x. Suppose x*b + 33 = b. Calculate the greatest common factor of 3 and b.
3
Suppose -i - 4*i + 10 = 0, 0 = -3*o - 5*i + 346. Let u be (12/(-10))/((-12)/200). Let p be u - (-4 - -7 - -1). What is the greatest common factor of o and p?
16
Let p be 4/(-6) + (-986)/(-102). What is the greatest common factor of 144 and p?
9
Let d be -4 + -14*(-2 + 1). Calculate the highest common divisor of 20 and d.
10
Let k = -49 + 58. What is the greatest common divisor of 9 and k?
9
Suppose -y - 3*y + 8 = 0. Let s be -42*(y - (-26)/(-4)). What is the greatest common divisor of s and 27?
27
Let a be 32/6*(5 - 2). Let l(p) = 7 - 11 + 6*p - p - p. Let v be l(5). Calculate the greatest common divisor of a and v.
16
Let k be 56 + -1 + 1 + -1. Suppose -5*l - 72 + 182 = 0. Calculate the highest common divisor of l and k.
11
Let b = -7 + 45. Let o be 1/((-36)/b + 1). Let j = -18 - -37. Calculate the highest common divisor of j and o.
19
Let f(g) = g**3 - g + 55. Let s be f(0). Let y be 2/8 - 39/(-4). Let n(w) = w + 1. Let b be n(y). Calculate the highest common factor of s and b.
11
Suppose -90 = -4*u + 3*u. Calculate the greatest common factor of u and 10.
10
Suppose 3*h - 8 - 37 = 0. Calculate the highest common factor of 120 and h.
15
Let w be (-366)/(-18) - (-6)/9. What is the greatest common factor of w and 7?
7
Let q(p) = p**2 - 8*p - 6. Let n be q(9). Suppose n*k + k - 72 = 0. What is the highest common divisor of 2 and k?
2
Let d(f) = -7*f + 0*f + 0 + 4 - f**2. Let a be d(-7). Calculate the greatest common divisor of 2 and a.
2
Let d be 99 + (5/(-1) - -5). What is the highest common divisor of d and 11?
11
Suppose -19*u + 6*u + 1131 = 0. What is the greatest common divisor of 58 and u?
29
Let g = -45 - -51. What is the highest common factor of 66 and g?
6
Let q = 152 + 1. Let k be ((-34)/(-1) + 0)/2. What is the highest common factor of q and k?
17
Let z(c) = c**3 + 6*c**2 + 6*c + 3. Let k be z(-4). What is the highest common divisor of k and 77?
11
Let d(x) = 318*x**2 - x. Let c be d(-1). What is the highest common factor of 29 and c?
29
Let z be (14 - 1)/((-2)/(-108)). Suppose p + 10 = 2*p. Let s be z/p + 5/(-25). Calculate the highest common factor of s and 14.
14
Let i be (3 + -4)/(1/(-77)). Let d be i + 2 + -2 + 3. Suppose -4*v + 145 = v - 3*j, -5*v + 4*j = -140. Calculate the greatest common divisor of d and v.
16
Let o(b) = b + 4 - 1 + 2*b - 4. Let c be o(4). Calculate the highest common divisor of 44 and c.
11
Suppose 4*p - 87 + 19 = 4*g, 5*g - 11 = -p. Suppose 0 = -5*b - 3*h + 865, 3*h + 2*h + 25 = 0. What is the highest common divisor of b and p?
16
Suppose v + 4*w = 16, -6*w = -2*v - w - 20. Let l be (v - (-6)/3) + -37. Let o = l + 53. Calculate the highest common divisor of 6 and o.
6
Suppose 4*t - 78 = 2*t. Calculate the greatest common divisor of 26 and t.
13
Suppose -t = -10 - 5. Let l be (-5 + -1)*(-30)/18. What is the greatest common factor of l and t?
5
Let r(b) = -b**2 + 11*b + 4. Let s be r(11). Suppose 0 = -k + 6 - 2, 3*w - s*k + 145 = 0. Let a = -25 - w. Calculate the highest common factor of a and 45.
9
Let k = -102 + 60. Let m be (-2779)/k - 2/12. What is the highest common factor of 6 and m?
6
Let j be 17/(63/15 + -4). Calculate the highest common factor of j and 5.
5
Suppose -3*m + 60 = 2*m. Let j = 4 + m. Calculate the greatest common divisor of j and 2.
2
Let x be 4 + -7 - 2/1. Let n = 7 - x. Calculate the highest common divisor of n and 30.
6
Let i(c) = -c + 1. Let f be i(3). Let s be f*2/2 - -2. Suppose j + s*j - 6 = 0. What is the highest common divisor of j and 6?
6
Let y = 32 + -16. Calculate the highest common factor of y and 16.
16
Suppose -9 - 11 = -4*q. What is the highest common factor of 25 and q?
5
Let l be (-6)/(0 + -3 + 1). Let r = -7 + l. Let d be ((-6)/r)/(3/12). Calculate the highest common factor of d and 18.
6
Let q be 3*(-3)/(1 + -4). Suppose q*x - x = 28. Let z be 3*(5 - 2)*x. What is the greatest c